[INFO] fetching crate rshijack 0.3.0...
[INFO] checking rshijack-0.3.0 against master#af3c6e733a40e671550e0f0f5aeecaa13772ba56 for pr-74989
[INFO] extracting crate rshijack 0.3.0 into /workspace/builds/worker-6/source
[INFO] validating manifest of crates.io crate rshijack 0.3.0 on toolchain af3c6e733a40e671550e0f0f5aeecaa13772ba56
[INFO] running `Command { std: "/workspace/cargo-home/bin/cargo" "+af3c6e733a40e671550e0f0f5aeecaa13772ba56" "read-manifest" "--manifest-path" "Cargo.toml", kill_on_drop: false }`
[INFO] started tweaking crates.io crate rshijack 0.3.0
[INFO] finished tweaking crates.io crate rshijack 0.3.0
[INFO] tweaked toml for crates.io crate rshijack 0.3.0 written to /workspace/builds/worker-6/source/Cargo.toml
[INFO] running `Command { std: "/workspace/cargo-home/bin/cargo" "+af3c6e733a40e671550e0f0f5aeecaa13772ba56" "generate-lockfile" "--manifest-path" "Cargo.toml" "-Zno-index-update", kill_on_drop: false }`
[INFO] running `Command { std: "/workspace/cargo-home/bin/cargo" "+af3c6e733a40e671550e0f0f5aeecaa13772ba56" "fetch" "--locked" "--manifest-path" "Cargo.toml", kill_on_drop: false }`
[INFO] running `Command { std: "docker" "create" "-v" "/var/lib/crater-agent-workspace/builds/worker-6/target:/opt/rustwide/target:rw,Z" "-v" "/var/lib/crater-agent-workspace/builds/worker-6/source:/opt/rustwide/workdir:ro,Z" "-v" "/var/lib/crater-agent-workspace/cargo-home:/opt/rustwide/cargo-home:ro,Z" "-v" "/var/lib/crater-agent-workspace/rustup-home:/opt/rustwide/rustup-home:ro,Z" "-e" "SOURCE_DIR=/opt/rustwide/workdir" "-e" "CARGO_TARGET_DIR=/opt/rustwide/target" "-e" "CARGO_HOME=/opt/rustwide/cargo-home" "-e" "RUSTUP_HOME=/opt/rustwide/rustup-home" "-w" "/opt/rustwide/workdir" "-m" "1610612736" "--user" "0:0" "--network" "none" "rustops/crates-build-env@sha256:d92eaeed33fa75130ca1ee6c8a01d1ffb62bac859dfdfb3450e3e5d1c0146529" "/opt/rustwide/cargo-home/bin/cargo" "+af3c6e733a40e671550e0f0f5aeecaa13772ba56" "metadata" "--no-deps" "--format-version=1", kill_on_drop: false }`
[INFO] [stdout] 4fb000ae53f6a4160ddd36446033d40ceb0683429660ac65279c1f606d1fcc0b
[INFO] [stderr] WARNING: Your kernel does not support swap limit capabilities or the cgroup is not mounted. Memory limited without swap.
[INFO] running `Command { std: "docker" "start" "-a" "4fb000ae53f6a4160ddd36446033d40ceb0683429660ac65279c1f606d1fcc0b", kill_on_drop: false }`
[INFO] running `Command { std: "docker" "inspect" "4fb000ae53f6a4160ddd36446033d40ceb0683429660ac65279c1f606d1fcc0b", kill_on_drop: false }`
[INFO] running `Command { std: "docker" "rm" "-f" "4fb000ae53f6a4160ddd36446033d40ceb0683429660ac65279c1f606d1fcc0b", kill_on_drop: false }`
[INFO] [stdout] 4fb000ae53f6a4160ddd36446033d40ceb0683429660ac65279c1f606d1fcc0b
[INFO] running `Command { std: "docker" "create" "-v" "/var/lib/crater-agent-workspace/builds/worker-6/target:/opt/rustwide/target:rw,Z" "-v" "/var/lib/crater-agent-workspace/builds/worker-6/source:/opt/rustwide/workdir:ro,Z" "-v" "/var/lib/crater-agent-workspace/cargo-home:/opt/rustwide/cargo-home:ro,Z" "-v" "/var/lib/crater-agent-workspace/rustup-home:/opt/rustwide/rustup-home:ro,Z" "-e" "SOURCE_DIR=/opt/rustwide/workdir" "-e" "CARGO_TARGET_DIR=/opt/rustwide/target" "-e" "CARGO_INCREMENTAL=0" "-e" "RUST_BACKTRACE=full" "-e" "RUSTFLAGS=--cap-lints=forbid" "-e" "CARGO_HOME=/opt/rustwide/cargo-home" "-e" "RUSTUP_HOME=/opt/rustwide/rustup-home" "-w" "/opt/rustwide/workdir" "-m" "1610612736" "--user" "0:0" "--network" "none" "rustops/crates-build-env@sha256:d92eaeed33fa75130ca1ee6c8a01d1ffb62bac859dfdfb3450e3e5d1c0146529" "/opt/rustwide/cargo-home/bin/cargo" "+af3c6e733a40e671550e0f0f5aeecaa13772ba56" "check" "--frozen" "--all" "--all-targets" "--message-format=json", kill_on_drop: false }`
[INFO] [stdout] 801ceef0cc73c93b0f6d33f2abb6bbe547c5b4819a9a38fad3936ddbad5c58e0
[INFO] [stderr] WARNING: Your kernel does not support swap limit capabilities or the cgroup is not mounted. Memory limited without swap.
[INFO] running `Command { std: "docker" "start" "-a" "801ceef0cc73c93b0f6d33f2abb6bbe547c5b4819a9a38fad3936ddbad5c58e0", kill_on_drop: false }`
[INFO] [stderr]    Compiling log v0.4.11
[INFO] [stderr]    Compiling term v0.4.6
[INFO] [stderr]    Compiling lazy_static v1.4.0
[INFO] [stderr]    Compiling regex-syntax v0.6.18
[INFO] [stderr]     Checking pnet_base v0.26.0
[INFO] [stderr]     Checking pnet_base v0.21.0
[INFO] [stderr]     Checking gimli v0.22.0
[INFO] [stderr]     Checking adler v0.2.3
[INFO] [stderr]    Compiling bitflags v1.2.1
[INFO] [stderr]    Compiling pnet v0.21.0
[INFO] [stderr]     Checking quick-error v1.2.3
[INFO] [stderr]     Checking rustc-demangle v0.1.16
[INFO] [stderr]     Checking object v0.20.0
[INFO] [stderr]     Checking unicode-width v0.1.8
[INFO] [stderr]     Checking ansi_term v0.11.0
[INFO] [stderr]     Checking strsim v0.8.0
[INFO] [stderr]     Checking termcolor v1.1.0
[INFO] [stderr]     Checking vec_map v0.8.2
[INFO] [stderr]     Checking arrayref v0.3.6
[INFO] [stderr]     Checking thread_local v1.0.1
[INFO] [stderr]     Checking humantime v1.3.0
[INFO] [stderr]     Checking miniz_oxide v0.4.1
[INFO] [stderr]     Checking textwrap v0.11.0
[INFO] [stderr]     Checking pnet_macros_support v0.21.0
[INFO] [stderr]    Compiling memchr v2.3.3
[INFO] [stderr]     Checking pnet_sys v0.21.0
[INFO] [stderr]     Checking atty v0.2.14
[INFO] [stderr]     Checking aho-corasick v0.7.13
[INFO] [stderr]     Checking pktparse v0.2.2
[INFO] [stderr]     Checking pnet_datalink v0.21.0
[INFO] [stderr]     Checking clap v2.33.3
[INFO] [stderr]    Compiling log v0.3.9
[INFO] [stderr]    Compiling syntex_errors v0.42.0
[INFO] [stderr]    Compiling syntex_syntax v0.42.0
[INFO] [stderr]     Checking regex v1.3.9
[INFO] [stderr]     Checking addr2line v0.13.0
[INFO] [stderr]     Checking env_logger v0.5.13
[INFO] [stderr]     Checking backtrace v0.3.50
[INFO] [stderr]     Checking error-chain v0.11.0
[INFO] [stderr]    Compiling syntex v0.42.2
[INFO] [stderr]    Compiling pnet_macros v0.26.0
[INFO] [stderr]    Compiling pnet_packet v0.21.0
[INFO] [stdout] error[E0599]: no method named `to_primitive_values` found for struct `MacAddr` in the current scope
[INFO] [stdout]    --> /opt/rustwide/target/debug/build/pnet_packet-c57d7142b8c29eb6/out/ethernet.rs:442:24
[INFO] [stdout]     |
[INFO] [stdout] 442 |         let vals = val.to_primitive_values();
[INFO] [stdout]     |                        ^^^^^^^^^^^^^^^^^^^ method not found in `MacAddr`
[INFO] [stdout] 
[INFO] [stdout] 
[INFO] [stdout] error[E0599]: no method named `to_primitive_values` found for struct `MacAddr` in the current scope
[INFO] [stdout]    --> /opt/rustwide/target/debug/build/pnet_packet-c57d7142b8c29eb6/out/ethernet.rs:499:24
[INFO] [stdout]     |
[INFO] [stdout] 499 |         let vals = val.to_primitive_values();
[INFO] [stdout]     |                        ^^^^^^^^^^^^^^^^^^^ method not found in `MacAddr`
[INFO] [stdout] 
[INFO] [stdout] 
[INFO] [stdout] error[E0599]: no method named `to_primitive_values` found for struct `MacAddr` in the current scope
[INFO] [stdout]    --> /opt/rustwide/target/debug/build/pnet_packet-c57d7142b8c29eb6/out/arp.rs:776:24
[INFO] [stdout]     |
[INFO] [stdout] 776 |         let vals = val.to_primitive_values();
[INFO] [stdout]     |                        ^^^^^^^^^^^^^^^^^^^ method not found in `MacAddr`
[INFO] [stdout] 
[INFO] [stdout] 
[INFO] [stdout] error[E0599]: no method named `to_primitive_values` found for struct `MacAddr` in the current scope
[INFO] [stdout]    --> /opt/rustwide/target/debug/build/pnet_packet-c57d7142b8c29eb6/out/arp.rs:874:24
[INFO] [stdout]     |
[INFO] [stdout] 874 |         let vals = val.to_primitive_values();
[INFO] [stdout]     |                        ^^^^^^^^^^^^^^^^^^^ method not found in `MacAddr`
[INFO] [stdout] 
[INFO] [stdout] 
[INFO] [stdout] error: aborting due to 4 previous errors
[INFO] [stdout] 
[INFO] [stdout] 
[INFO] [stdout] For more information about this error, try `rustc --explain E0599`.
[INFO] [stdout] 
[INFO] [stderr] error: could not compile `pnet_packet`.
[INFO] [stderr] 
[INFO] [stderr] To learn more, run the command again with --verbose.
[INFO] running `Command { std: "docker" "inspect" "801ceef0cc73c93b0f6d33f2abb6bbe547c5b4819a9a38fad3936ddbad5c58e0", kill_on_drop: false }`
[INFO] running `Command { std: "docker" "rm" "-f" "801ceef0cc73c93b0f6d33f2abb6bbe547c5b4819a9a38fad3936ddbad5c58e0", kill_on_drop: false }`
[INFO] [stdout] 801ceef0cc73c93b0f6d33f2abb6bbe547c5b4819a9a38fad3936ddbad5c58e0
